te the remainder when 12426 is divided by 35.
1
Calculate the remainder when 3118672 is divided by 13.
11
What is the remainder when 145629 is divided by 1312?
1309
What is the remainder when 1338 is divided by 84?
78
Calculate the remainder when 28936 is divided by 27.
19
Calculate the remainder when 135924 is divided by 2892.
0
What is the remainder when 134712 is divided by 67354?
4
What is the remainder when 292133 is divided by 146033?
67
Calculate the remainder when 21629567 is divided by 316.
315
Calculate the remainder when 888638 is divided by 64.
62
What is the remainder when 3391 is divided by 1082?
145
Calculate the remainder when 3307757 is divided by 57.
47
What is the remainder when 43031 is divided by 2264?
15
What is the remainder when 227 is divided by 113?
1
Calculate the remainder when 10988 is divided by 15.
8
Calculate the remainder when 5066 is divided by 337.
11
What is the remainder when 89878 is divided by 44924?
30
What is the remainder when 6497 is divided by 2105?
182
Calculate the remainder when 638165 is divided by 1866.
1859
What is the remainder when 24578 is divided by 102?
98
Calculate the remainder when 17616 is divided by 14.
4
What is the remainder when 1551 is divided by 1386?
165
What is the remainder when 23475 is divided by 13?
10
What is the remainder when 24872 is divided by 197?
50
What is the remainder when 419806 is divided by 43?
40
Calculate the remainder when 24760 is divided by 209.
98
What is the remainder when 104901 is divided by 374?
181
Calculate the remainder when 11634 is divided by 11622.
12
Calculate the remainder when 29097 is divided by 68.
61
Calculate the remainder when 5706 is divided by 764.
358
Calculate the remainder when 27176 is divided by 755.
751
Calculate the remainder when 665069 is divided by 9237.
5
What is the remainder when 251 is divided by 136?
115
Calculate the remainder when 1022 is divided by 1014.
8
Calculate the remainder when 49066 is divided by 1197.
1186
Calculate the remainder when 308616 is divided by 439.
438
Calculate the remainder when 3524 is divided by 7.
3
Calculate the remainder when 16205 is divided by 657.
437
What is the remainder when 184202 is divided by 61397?
11
Calculate the remainder when 3143 is divided by 632.
615
Calculate the remainder when 2870 is divided by 108.
62
Calculate the remainder when 36904 is divided by 4605.
64
Calculate the remainder when 11451 is divided by 286.
11
Calculate the remainder when 18332 is divided by 244.
32
What is the remainder when 9216 is divided by 213?
57
Calculate the remainder when 2972438 is divided by 635.
3
What is the remainder when 1976 is divided by 416?
312
Calculate the remainder when 444403 is divided by 2943.
10
Calculate the remainder when 11488 is divided by 3828.
4
What is the remainder when 383076 is divided by 58?
44
What is the remainder when 152447 is divided by 50812?
11
What is the remainder when 21969 is divided by 955?
4
Calculate the remainder when 225144 is divided by 753.
750
Calculate the remainder when 479 is divided by 143.
50
Calculate the remainder when 1102 is divided by 587.
515
Calculate the remainder when 945 is divided by 131.
28
What is the remainder when 154006 is divided by 93?
91
Calculate the remainder when 1094 is divided by 131.
46
What is the remainder when 120091 is divided by 834?
829
Calculate the remainder when 40571 is divided by 49.
48
Calculate the remainder when 25502 is divided by 39.
35
Calculate the remainder when 8891 is divided by 156.
155
What is the remainder when 5708 is divided by 984?
788
What is the remainder when 95290 is divided by 17?
5
Calculate the remainder when 421916 is divided by 27.
14
What is the remainder when 354419 is divided by 537?
536
What is the remainder when 45577 is divided by 2848?
9
Calculate the remainder when 3714 is divided by 231.
18
Calculate the remainder when 1577 is divided by 82.
19
What is the remainder when 118760 is divided by 37?
27
Calculate the remainder when 1750 is divided by 64.
22
What is the remainder when 3324 is divided by 2509?
815
What is the remainder when 6587 is divided by 112?
91
What is the remainder when 18026959 is divided by 2302?
2299
What is the remainder when 14409 is divided by 3598?
17
Calculate the remainder when 22138 is divided by 9.
7
Calculate the remainder when 137093 is divided by 65.
8
Calculate the remainder when 11050 is divided by 80.
10
Calculate the remainder when 283358 is divided by 29.
28
Calculate the remainder when 14246 is divided by 396.
386
Calculate the remainder when 795616 is divided by 35.
31
Calculate the remainder when 356461 is divided by 33.
28
Calculate the remainder when 1693731 is divided by 163.
161
What is the remainder when 2792 is divided by 2357?
435
What is the remainder when 11810 is divided by 626?
542
Calculate the remainder when 7499 is divided by 356.
23
Calculate the remainder when 65887 is divided by 4.
3
Calculate the remainder when 9412 is divided by 45.
7
Calculate the remainder when 6883 is divided by 160.
3
What is the remainder when 1283831 is divided by 41?
39
Calculate the remainder when 7570 is divided by 189.
10
Calculate the remainder when 6949 is divided by 136.
13
Calculate the remainder when 174990 is divided by 121.
24
What is the remainder when 3162 is divided by 290?
262
Calculate the remainder when 2462 is divided by 82.
2
What is the remainder when 9829 is divided by 3241?
106
What is the remainder when 141009 is divided by 104?
89
What is the remainder when 32825 is divided by 110?
45
Calculate the remainder when 12704 is divided by 59.
19
Calculate the remainder when 37801 is divided by 87.
43
Calculate the remainder when 11746 is divided by 3685.
691
What is the remainder when 17990 is divided by 1819?
1619
Calculate the remainder when 12012 is divided by 1979.
138
What is the remainder when 44999 is divided by 1187?
1080
What is the remainder when 6365 is divided by 317?
25
What is the remainder when 1438178 is divided by 18?
14
Calculate the remainder when 830 is divided by 413.
4
Calculate the remainder when 1429581 is divided by 12.
9
What is the remainder when 29277 is divided by 9757?
6
What is the remainder when 7508 is divided by 71?
53
What is the remainder when 32035 is divided by 314?
7
What is the remainder when 4310 is divided by 20?
10
Calculate the remainder when 8813 is divided by 8774.
39
Calculate the remainder when 135313 is divided by 135253.
60
What is the remainder when 17554 is divided by 2365?
999
Calculate the remainder when 2678 is divided by 10.
8
What is the remainder when 6681 is divided by 352?
345
What is the remainder when 330641 is divided by 276?
269
Calculate the remainder when 1758369 is divided by 11.
8
Calculate the remainder when 5594 is divided by 19.
8
What is the remainder when 8261 is divided by 268?
221
Calculate the remainder when 23333 is divided by 9.
5
What is the remainder when 7914 is divided by 127?
40
Calculate the remainder when 16349 is divided by 1311.
617
What is the remainder when 3503 is divided by 45?
38
What is the remainder when 2559 is divided by 127?
19
Calculate the remainder when 13192 is divided by 4389.
25
What is the remainder when 37351 is divided by 2?
1
What is the remainder when 752417 is divided by 879?
872
What is the remainder when 10858850 is divided by 782?
780
What is the remainder when 1421 is divided by 195?
56
Calculate the remainder when 1106649 is divided by 25.
24
What is the remainder when 5618 is divided by 53?
0
What is the remainder when 98634 is divided by 123?
111
What is the remainder when 100796 is divided by 26?
20
Calculate the remainder when 4708 is divided by 28.
4
Calculate the remainder when 440305 is divided by 261.
259
Calculate the remainder when 41977 is divided by 222.
19
Calculate the remainder when 77134 is divided by 735.
694
Calculate the remainder when 271658 is divided by 135821.
16
Calculate the remainder when 34204 is divided by 1105.
1054
What is the remainder when 10586 is divided by 1321?
18
Calculate the remainder when 43420 is divided by 6200.
20
What is the remainder when 2483240 is divided by 1241?
1240
What is the remainder when 6260 is divided by 704?
628
Calculate the remainder when 34279 is 